culate the highest common factor of 11325 and 9375.
75
What is the highest common divisor of 15379 and 119?
7
Calculate the highest common factor of 1530 and 5950.
170
What is the greatest common factor of 423 and 93?
3
What is the greatest common factor of 1411 and 4?
1
What is the greatest common divisor of 2395160 and 280?
40
Calculate the highest common divisor of 3757305 and 535.
535
What is the highest common factor of 91 and 4192461?
91
Calculate the highest common factor of 288 and 25664.
32
Calculate the greatest common divisor of 63725 and 100.
25
What is the highest common divisor of 26715 and 390?
195
Calculate the greatest common factor of 1336 and 24152.
8
Calculate the greatest common factor of 792 and 1116.
36
What is the greatest common divisor of 1 and 797?
1
What is the greatest common divisor of 550102 and 14?
14
What is the greatest common factor of 19278 and 4806?
54
Calculate the highest common factor of 859 and 20263810.
859
What is the highest common factor of 17 and 35309?
17
Calculate the greatest common divisor of 648 and 53220.
12
Calculate the greatest common factor of 16315 and 585.
65
What is the greatest common divisor of 3338352 and 388?
388
What is the greatest common factor of 2270303 and 7?
7
What is the greatest common factor of 336 and 50288?
112
What is the highest common factor of 131389 and 747?
83
What is the greatest common divisor of 14 and 8756?
2
Calculate the highest common divisor of 248013 and 1377.
153
Calculate the highest common divisor of 6697 and 296.
37
Calculate the highest common factor of 7502 and 44.
22
Calculate the greatest common factor of 116 and 53.
1
What is the highest common factor of 57 and 242136?
57
What is the highest common factor of 22584 and 648?
24
What is the greatest common divisor of 317687 and 2119?
163
What is the highest common divisor of 880 and 5120?
80
Calculate the greatest common factor of 233 and 131179.
233
Calculate the highest common factor of 5 and 6204295.
5
Calculate the highest common divisor of 43748 and 64.
4
What is the highest common divisor of 20768 and 176?
176
What is the greatest common divisor of 144943 and 9763?
751
Calculate the highest common factor of 321 and 17160.
3
What is the highest common divisor of 33718 and 2944?
46
What is the highest common divisor of 661 and 6221993?
661
What is the highest common divisor of 6 and 55254?
6
Calculate the highest common divisor of 898944 and 3.
3
Calculate the greatest common divisor of 18 and 104.
2
What is the greatest common factor of 14841 and 5508?
153
What is the highest common divisor of 13578 and 75330?
186
Calculate the highest common factor of 40 and 9365.
5
What is the greatest common factor of 5947 and 17252?
19
What is the greatest common divisor of 361 and 54150?
361
Calculate the greatest common divisor of 42 and 598808.
14
Calculate the greatest common factor of 189 and 1528443.
189
What is the greatest common divisor of 1798 and 2726?
58
What is the greatest common divisor of 87134 and 38?
38
Calculate the greatest common factor of 83068 and 76.
76
What is the highest common factor of 598 and 6302?
46
Calculate the greatest common divisor of 20852 and 52.
52
Calculate the highest common factor of 3239420 and 20.
20
What is the greatest common factor of 859636 and 76?
76
What is the greatest common factor of 900 and 9915?
15
What is the greatest common factor of 494080 and 1024?
512
What is the greatest common divisor of 9108006 and 6?
6
What is the greatest common divisor of 124 and 1617518?
62
Calculate the greatest common factor of 273 and 42432.
39
Calculate the highest common factor of 779959 and 643.
643
Calculate the highest common factor of 26 and 753194.
26
Calculate the greatest common factor of 1185 and 1343.
79
Calculate the highest common factor of 54340 and 1.
1
What is the highest common factor of 13485 and 31?
31
What is the greatest common divisor of 295 and 14965?
5
Calculate the highest common factor of 225 and 5345.
5
What is the greatest common divisor of 10284 and 192?
12
Calculate the greatest common divisor of 94381 and 695.
139
Calculate the highest common factor of 5319 and 4563.
27
What is the highest common divisor of 8829 and 2187?
81
What is the greatest common divisor of 57449 and 203?
203
Calculate the greatest common factor of 285 and 1954986.
57
Calculate the greatest common divisor of 152066 and 1094.
1094
Calculate the greatest common divisor of 50 and 9090.
10
What is the highest common divisor of 1244 and 50?
2
Calculate the greatest common divisor of 14752 and 288.
32
What is the highest common divisor of 98 and 20958?
14
Calculate the highest common divisor of 1780 and 6480.
20
Calculate the greatest common divisor of 37990 and 4930.
290
Calculate the greatest common factor of 10 and 5090.
10
What is the greatest common factor of 36 and 20997?
9
Calculate the highest common factor of 723 and 1.
1
Calculate the greatest common factor of 21 and 624939.
21
What is the greatest common divisor of 34732 and 3116?
76
What is the greatest common divisor of 526 and 2553467?
263
Calculate the greatest common factor of 5200128 and 1998.
666
What is the highest common divisor of 907695 and 460?
115
Calculate the highest common factor of 242 and 576202.
242
What is the highest common factor of 80267 and 11?
11
What is the greatest common divisor of 139578 and 774?
258
Calculate the greatest common factor of 19154 and 261248.
314
What is the highest common factor of 620384 and 128?
32
Calculate the highest common factor of 3636 and 186.
6
Calculate the highest common divisor of 1377 and 53686.
17
What is the greatest common factor of 432 and 28464?
48
Calculate the highest common factor of 77 and 1554883.
11
Calculate the greatest common factor of 54 and 114273.
9
Calculate the greatest common divisor of 363 and 3531.
33
Calculate the highest common factor of 1529 and 3197.
139
What is the highest common divisor of 140 and 7665?
35
Calculate the highest common divisor of 87555 and 780.
195
Calculate the highest common divisor of 24 and 67116.
12
Calculate the highest common factor of 194480 and 2600.
520
What is the greatest common factor of 45 and 7726905?
45
What is the highest common factor of 44 and 268466?
22
What is the greatest common divisor of 1178 and 19964?
62
Calculate the greatest common divisor of 286 and 8734.
22
What is the highest common divisor of 704 and 484?
44
What is the greatest common divisor of 147 and 53459?
49
Calculate the greatest common factor of 328236 and 1224.
204
Calculate the greatest common factor of 1606 and 4453.
73
Calculate the greatest common factor of 344 and 46896.
8
What is the highest common divisor of 111744 and 24?
24
Calculate the highest common divisor of 100477 and 1534.
767
Calculate the highest common factor of 1781 and 13152.
137
What is the greatest common divisor of 2 and 2447?
1
Calculate the greatest common divisor of 128 and 22064.
16
Calculate the highest common factor of 93750 and 625.
625
Calculate the highest common divisor of 329094 and 3384.
846
What is the greatest common factor of 1242388 and 42?
14
Calculate the greatest common divisor of 30 and 1465.
5
Calculate the highest common factor of 35757 and 1827.
261
Calculate the greatest common divisor of 396283 and 19.
19
What is the highest common factor of 4301829 and 1701?
1701
What is the highest common divisor of 16588 and 5324?
44
Calculate the greatest common divisor of 4 and 862.
2
Calculate the highest common factor of 6674 and 8742.
94
What is the greatest common divisor of 92 and 72220?
92
What is the greatest common factor of 15625 and 500?
125
Calculate the greatest common divisor of 2752 and 7052.
172
What is the greatest common factor of 9390 and 250?
10
What is the highest common factor of 786182 and 5491?
323
What is the greatest common divisor of 37002 and 63?
21
Calculate the greatest common divisor of 4617 and 209.
19
What is the greatest common divisor of 536725 and 28?
7
What is the greatest common divisor of 1668620 and 10?
10
What is the greatest common factor of 168608 and 24992?
352
What is the greatest common factor of 12537 and 1386?
63
What is the greatest common factor of 121 and 181687?
11
Calculate the hi